{"id":1196,"date":"2023-12-18T11:37:08","date_gmt":"2023-12-18T16:37:08","guid":{"rendered":"https:\/\/importecnicamm.co\/?page_id=1196"},"modified":"2024-02-19T11:23:22","modified_gmt":"2024-02-19T16:23:22","slug":"sobre-nosotros","status":"publish","type":"page","link":"https:\/\/importecnicamm.co\/index.php\/sobre-nosotros\/","title":{"rendered":"Sobre Nosotros"},"content":{"rendered":"\n[et_pb_section fb_built=\u00bb1&#8243; admin_label=\u00bbHeader\u00bb _builder_version=\u00bb4.23.1&#8243; _module_preset=\u00bbdefault\u00bb use_background_color_gradient=\u00bbon\u00bb background_color_gradient_stops=\u00bbrgba(0,0,0,0.8) 0%|rgba(0,0,0,0.5) 100%\u00bb background_color_gradient_overlays_image=\u00bbon\u00bb background_image=\u00bbhttps:\/\/importecnicamm.co\/wp-content\/uploads\/2023\/12\/fondo-maquinaria.jpg\u00bb background_position=\u00bbtop_center\u00bb collapsed=\u00bbon\u00bb global_colors_info=\u00bb{}\u00bb][et_pb_row custom_padding_last_edited=\u00bbon|phone\u00bb _builder_version=\u00bb4.23.1&#8243; _module_preset=\u00bbdefault\u00bb width_tablet=\u00bb\u00bb width_phone=\u00bb100%\u00bb width_last_edited=\u00bbon|phone\u00bb custom_padding_tablet=\u00bb\u00bb custom_padding_phone=\u00bb0px||0px||false|false\u00bb global_colors_info=\u00bb{}\u00bb][et_pb_column type=\u00bb4_4&#8243; _builder_version=\u00bb4.20.0&#8243; _module_preset=\u00bbdefault\u00bb global_colors_info=\u00bb{}\u00bb][et_pb_text _builder_version=\u00bb4.23.1&#8243; _module_preset=\u00bb99ae0642-2c3a-4d73-aa21-43ba5b4ae9ab\u00bb header_font=\u00bbMontserrat|500|||||||\u00bb header_text_color=\u00bb#FFFFFF\u00bb custom_padding_tablet=\u00bb\u00bb custom_padding_phone=\u00bb|||15px|false|false\u00bb custom_padding_last_edited=\u00bbon|phone\u00bb header_font_size_phone=\u00bb35px\u00bb global_colors_info=\u00bb{}\u00bb]<h1>Sobre Nosotros<\/h1>[\/et_pb_text][\/et_pb_column][\/et_pb_row][\/et_pb_section][et_pb_section fb_built=\u00bb1&#8243; prev_background_color=\u00bb#000000&#8243; admin_label=\u00bbApproach\u00bb _builder_version=\u00bb4.23.1&#8243; _module_preset=\u00bbdefault\u00bb custom_padding=\u00bb||8px|||\u00bb top_divider_style=\u00bbmountains2&#8243; collapsed=\u00bbon\u00bb global_colors_info=\u00bb{}\u00bb][et_pb_row column_structure=\u00bb1_2,1_2&#8243; _builder_version=\u00bb4.23.1&#8243; _module_preset=\u00bbdefault\u00bb global_colors_info=\u00bb{}\u00bb][et_pb_column type=\u00bb1_2&#8243; _builder_version=\u00bb4.23.1&#8243; _module_preset=\u00bbdefault\u00bb global_colors_info=\u00bb{}\u00bb][et_pb_image src=\u00bbhttps:\/\/importecnicamm.co\/wp-content\/uploads\/2023\/12\/co-working-14.png\u00bb title_text=\u00bbimg-enfoque-01&#8243; _builder_version=\u00bb4.23.1&#8243; _module_preset=\u00bbdefault\u00bb background_image=\u00bbhttps:\/\/importecnicamm.co\/wp-content\/uploads\/2023\/12\/img-enfoque-01.jpg\u00bb custom_margin=\u00bb12px|||||\u00bb global_colors_info=\u00bb{}\u00bb][\/et_pb_image][et_pb_text _builder_version=\u00bb4.23.1&#8243; _module_preset=\u00bbf99c5cc2-6c4a-46d9-a138-2c39c77b236d\u00bb header_3_font=\u00bbMontserrat|500|||||||\u00bb header_3_font_size=\u00bb20px\u00bb header_3_line_height=\u00bb1.3em\u00bb hover_enabled=\u00bb0&#8243; header_3_text_align_tablet=\u00bbcenter\u00bb header_3_text_align_phone=\u00bbcenter\u00bb header_3_text_align_last_edited=\u00bbon|phone\u00bb header_3_font_size_tablet=\u00bb20px\u00bb header_3_font_size_phone=\u00bb18px\u00bb header_3_font_size_last_edited=\u00bbon|phone\u00bb global_colors_info=\u00bb{}\u00bb sticky_enabled=\u00bb0&#8243;]<h3>Ofrecemos equipos que cumplir\u00e1n las expectativas de su negocio, no solo en el corto; sino en el mediano y largo Plazo. Esto es evidenciado por nuestros clientes a\u00f1os atr\u00e1s, quienes llevan mucho tiempo en el mercado ofreciendo el suministro de bienes o productos elaborados con nuestros equipos; cumpliendo los m\u00e1s altos est\u00e1ndares de calidad, precisi\u00f3n y servicio reflejado en los productos entregados a sus clientes finales.<\/h3>[\/et_pb_text][\/et_pb_column][et_pb_column type=\u00bb1_2&#8243; _builder_version=\u00bb4.20.0&#8243; _module_preset=\u00bbdefault\u00bb global_colors_info=\u00bb{}\u00bb][et_pb_text _builder_version=\u00bb4.23.1&#8243; _module_preset=\u00bb617670a8-3399-45b3-adbf-631953802f47&#8243; header_font=\u00bbMontserrat||||||||\u00bb header_2_font=\u00bbMontserrat|500|||||||\u00bb header_2_font_size=\u00bb52px\u00bb custom_margin=\u00bb||2px|||\u00bb hover_enabled=\u00bb0&#8243; header_2_font_tablet=\u00bbMontserrat|500|||||||\u00bb header_2_font_phone=\u00bbMontserrat|700|||||||\u00bb header_2_font_last_edited=\u00bbon|phone\u00bb header_2_text_align_tablet=\u00bbcenter\u00bb header_2_text_align_phone=\u00bbcenter\u00bb header_2_text_align_last_edited=\u00bbon|phone\u00bb header_2_font_size_phone=\u00bb32px\u00bb global_colors_info=\u00bb{}\u00bb sticky_enabled=\u00bb0&#8243;]<h2>Nuestro Enfoque<\/h2>[\/et_pb_text][et_pb_text _builder_version=\u00bb4.23.1&#8243; _module_preset=\u00bbf99c5cc2-6c4a-46d9-a138-2c39c77b236d\u00bb header_3_font=\u00bbMontserrat|500|||||||\u00bb header_3_font_size=\u00bb24px\u00bb header_3_line_height=\u00bb1.3em\u00bb hover_enabled=\u00bb0&#8243; header_3_text_align_tablet=\u00bbcenter\u00bb header_3_text_align_phone=\u00bbcenter\u00bb header_3_text_align_last_edited=\u00bbon|phone\u00bb header_3_font_size_tablet=\u00bb24px\u00bb header_3_font_size_phone=\u00bb18px\u00bb header_3_font_size_last_edited=\u00bbon|phone\u00bb global_colors_info=\u00bb{}\u00bb sticky_enabled=\u00bb0&#8243;]<h3>M\u00e1s que ser socios comerciales, buscamos cumplir con las expectativas de nuestros clientes, dando un trato de exclusividad seg\u00fan sus necesidades, y basados en la elecci\u00f3n de nuestros equipos, convertirnos en una respuesta completa a su satisfacci\u00f3n personal y empresarial.<\/h3>[\/et_pb_text][et_pb_image src=\u00bbhttps:\/\/importecnicamm.co\/wp-content\/uploads\/2023\/12\/co-working-15.png\u00bb title_text=\u00bbimg-enfoque-02&#8243; _builder_version=\u00bb4.23.1&#8243; _module_preset=\u00bbdefault\u00bb background_image=\u00bbhttps:\/\/importecnicamm.co\/wp-content\/uploads\/2023\/12\/img-enfoque-02.jpg\u00bb global_colors_info=\u00bb{}\u00bb][\/et_pb_image][\/et_pb_column][\/et_pb_row][\/et_pb_section][et_pb_section fb_built=\u00bb1&#8243; admin_label=\u00bbCTA\u00bb _builder_version=\u00bb4.23.1&#8243; _module_preset=\u00bbdefault\u00bb background_image=\u00bbhttps:\/\/importecnicamm.co\/wp-content\/uploads\/2023\/12\/fondo-tornos.png\u00bb custom_padding=\u00bb13px||10px|||\u00bb collapsed=\u00bbon\u00bb global_colors_info=\u00bb{}\u00bb][et_pb_row _builder_version=\u00bb4.23.1&#8243; _module_preset=\u00bbdefault\u00bb width_tablet=\u00bb\u00bb width_phone=\u00bb94%\u00bb width_last_edited=\u00bbon|phone\u00bb custom_margin=\u00bb|auto|-3px|auto||\u00bb custom_padding=\u00bb14px||11px|||\u00bb global_colors_info=\u00bb{}\u00bb][et_pb_column type=\u00bb4_4&#8243; _builder_version=\u00bb4.20.0&#8243; _module_preset=\u00bbdefault\u00bb global_colors_info=\u00bb{}\u00bb][et_pb_text _builder_version=\u00bb4.23.1&#8243; _module_preset=\u00bb617670a8-3399-45b3-adbf-631953802f47&#8243; header_2_font=\u00bbMontserrat|500|||||||\u00bb header_2_text_color=\u00bb#FFFFFF\u00bb header_2_text_align_tablet=\u00bb\u00bb header_2_text_align_phone=\u00bbcenter\u00bb header_2_text_align_last_edited=\u00bbon|phone\u00bb header_2_font_size_phone=\u00bb22px\u00bb global_colors_info=\u00bb{}\u00bb]<h2><strong>Desde el a\u00f1o 1974<\/strong>, hemos liderado en Colombia la distribuci\u00f3n de maquinaria metal mec\u00e1nica importada desde Bulgaria, Rep\u00fablica Checa, China y Taiwan.<\/h2>[\/et_pb_text][\/et_pb_column][\/et_pb_row][\/et_pb_section][et_pb_section fb_built=\u00bb1&#8243; _builder_version=\u00bb4.23.1&#8243; _module_preset=\u00bbdefault\u00bb background_color=\u00bb#3c3c3b\u00bb custom_padding=\u00bb44px||0px|||\u00bb locked=\u00bboff\u00bb global_colors_info=\u00bb{}\u00bb][et_pb_row column_structure=\u00bb1_2,1_2&#8243; _builder_version=\u00bb4.23.1&#8243; _module_preset=\u00bbdefault\u00bb width_tablet=\u00bb\u00bb width_phone=\u00bb95%\u00bb width_last_edited=\u00bbon|phone\u00bb custom_padding=\u00bb0px||18px|||\u00bb global_colors_info=\u00bb{}\u00bb][et_pb_column type=\u00bb1_2&#8243; _builder_version=\u00bb4.23.1&#8243; _module_preset=\u00bbdefault\u00bb global_colors_info=\u00bb{}\u00bb][et_pb_image src=\u00bbhttps:\/\/importecnicamm.co\/wp-content\/uploads\/2023\/11\/importecnicamm_logo_blanco_hd.png\u00bb alt=\u00bblogo blanco\u00bb title_text=\u00bbimportecnicamm_logo_blanco_hd\u00bb show_bottom_space=\u00bboff\u00bb _builder_version=\u00bb4.23.1&#8243; _module_preset=\u00bbdefault\u00bb custom_margin=\u00bb||-24px||false|false\u00bb custom_margin_tablet=\u00bb||-24px||false|false\u00bb custom_margin_phone=\u00bb||-15px||false|false\u00bb custom_margin_last_edited=\u00bbon|desktop\u00bb custom_padding=\u00bb0px|115px||115px|false|false\u00bb custom_padding_tablet=\u00bb0px|115px||115px|false|false\u00bb custom_padding_phone=\u00bb0px|25px||25px|false|false\u00bb custom_padding_last_edited=\u00bbon|phone\u00bb global_colors_info=\u00bb{}\u00bb][\/et_pb_image][et_pb_text content_tablet=\u00bb<p><strong>Exhibici\u00f3n y ventas:<\/strong> Carrera 72L # 36-25 sur<\/p>\n<p><strong>Bogot\u00e1, D.C. &#8211; Colombia<\/strong><\/p>\n<p><strong>Tel\u00e9fonos:<\/strong> (601) 454 0863 &#8211; 273 9746<\/p>\n<p><strong>Celulares:<\/strong> +57 315 360 2252 &#8211; 310 208 8240<\/p>\n<p><strong>Correo:<\/strong> comercial@importecnicamm.co<\/p>\u00bb content_phone=\u00bb<p style=%22text-align: center;%22><strong>Exhibici\u00f3n y ventas:<\/strong> Carrera 72L # 36-25 sur<\/p>\n<p style=%22text-align: center;%22><strong>Bogot\u00e1, D.C. &#8211; Colombia<\/strong><\/p>\n<p style=%22text-align: center;%22><strong>Tel\u00e9fonos:<\/strong> (601) 454 0863 &#8211; 273 9746<\/p>\n<p style=%22text-align: center;%22><strong>Celulares:<\/strong> +57 315 360 2252 &#8211; 310 208 8240<\/p>\n<p style=%22text-align: center;%22><strong>Correo:<\/strong> comercial@importecnicamm.co<\/p>\u00bb content_last_edited=\u00bbon|phone\u00bb _builder_version=\u00bb4.23.1&#8243; _module_preset=\u00bbdefault\u00bb text_font=\u00bbMontserrat|500|||||||\u00bb text_text_color=\u00bb#FFFFFF\u00bb text_font_size=\u00bb16px\u00bb text_line_height=\u00bb1.4em\u00bb header_font=\u00bbMontserrat||||||||\u00bb header_text_color=\u00bb#FFFFFF\u00bb header_4_font=\u00bbMontserrat|500|||||||\u00bb header_4_text_color=\u00bb#FFFFFF\u00bb header_4_font_size=\u00bb16px\u00bb transform_scale_tablet=\u00bb\u00bb transform_scale_phone=\u00bb90%|90%\u00bb transform_scale_last_edited=\u00bbon|phone\u00bb transform_translate_tablet=\u00bb\u00bb transform_translate_phone=\u00bb\u00bb transform_translate_last_edited=\u00bbon|desktop\u00bb transform_rotate_tablet=\u00bb\u00bb transform_rotate_phone=\u00bb\u00bb transform_rotate_last_edited=\u00bbon|desktop\u00bb transform_skew_tablet=\u00bb\u00bb transform_skew_phone=\u00bb\u00bb transform_skew_last_edited=\u00bbon|desktop\u00bb transform_origin_tablet=\u00bb\u00bb transform_origin_phone=\u00bb\u00bb transform_origin_last_edited=\u00bbon|desktop\u00bb transform_styles_last_edited=\u00bbon|phone\u00bb background_layout=\u00bbdark\u00bb custom_margin=\u00bb25px||||false|false\u00bb custom_margin_tablet=\u00bb25px||||false|false\u00bb custom_margin_phone=\u00bb||||false|false\u00bb custom_margin_last_edited=\u00bbon|phone\u00bb custom_padding=\u00bb0px|||212px|false|false\u00bb custom_padding_tablet=\u00bb0px|||212px|false|false\u00bb custom_padding_phone=\u00bb|||0px|false|false\u00bb custom_padding_last_edited=\u00bbon|phone\u00bb transform_styles_tablet=\u00bb\u00bb transform_styles_phone=\u00bb\u00bb global_colors_info=\u00bb{}\u00bb]<p><strong>Exhibici\u00f3n y ventas:<\/strong> Carrera 72L # 36-25 sur<\/p>\n<p><strong>Bogot\u00e1, D.C. &#8211; Colombia<\/strong><\/p>\n<p><strong>Tel\u00e9fonos:<\/strong> (601) 454 0863 &#8211; 273 9746<\/p>\n<p><strong>Celulares:<\/strong> +57 315 360 2252 &#8211; 310 208 8240<\/p>\n<p><strong>Correo:<\/strong> comercial@importecnicamm.co<\/p>[\/et_pb_text][\/et_pb_column][et_pb_column type=\u00bb1_2&#8243; _builder_version=\u00bb4.23.1&#8243; _module_preset=\u00bbdefault\u00bb transform_scale_tablet=\u00bb\u00bb transform_scale_phone=\u00bb\u00bb transform_scale_last_edited=\u00bbon|phone\u00bb transform_translate_tablet=\u00bb\u00bb transform_translate_phone=\u00bb9px|0px\u00bb transform_translate_last_edited=\u00bbon|phone\u00bb transform_translate_linked_phone=\u00bboff\u00bb transform_rotate_tablet=\u00bb\u00bb transform_rotate_phone=\u00bb\u00bb transform_rotate_last_edited=\u00bbon|phone\u00bb transform_skew_tablet=\u00bb\u00bb transform_skew_phone=\u00bb\u00bb transform_skew_last_edited=\u00bbon|phone\u00bb transform_origin_tablet=\u00bb\u00bb transform_origin_phone=\u00bb\u00bb transform_origin_last_edited=\u00bbon|phone\u00bb transform_styles_last_edited=\u00bbon|phone\u00bb transform_styles_tablet=\u00bb\u00bb transform_styles_phone=\u00bb\u00bb global_colors_info=\u00bb{}\u00bb][et_pb_code _builder_version=\u00bb4.23.1&#8243; _module_preset=\u00bbdefault\u00bb background_color=\u00bb#d7d7d7&#8243; text_orientation=\u00bbleft\u00bb custom_margin=\u00bb|||0px|false|false\u00bb custom_margin_tablet=\u00bb|||0px|false|false\u00bb custom_margin_phone=\u00bb|||-18px|false|false\u00bb custom_margin_last_edited=\u00bbon|phone\u00bb custom_padding=\u00bb1px|15px|1px|15px|false|false\u00bb border_radii=\u00bbon|5px|5px|5px|5px\u00bb locked=\u00bboff\u00bb global_colors_info=\u00bb{}\u00bb]<style id=\"wpforms-css-vars-1166\">\n\t\t\t\t#wpforms-1166 {\n\t\t\t\t\n\t\t\t}\n\t\t\t<\/style><div class=\"wpforms-container wpforms-container-full wpforms-render-modern\" id=\"wpforms-1166\"><form id=\"wpforms-form-1166\" class=\"wpforms-validate wpforms-form wpforms-ajax-form\" data-formid=\"1166\" method=\"post\" enctype=\"multipart\/form-data\" action=\"\/index.php\/wp-json\/wp\/v2\/pages\/1196\" data-token=\"1f251af61c0e4ec2633fe133f778f63d\" data-token-time=\"1776076386\"><noscript class=\"wpforms-error-noscript\">Por favor, activa JavaScript en tu navegador para completar este formulario.<\/noscript><div id=\"wpforms-error-noscript\" style=\"display: none;\">Por favor, activa JavaScript en tu navegador para completar este formulario.<\/div><div class=\"wpforms-field-container\"><div id=\"wpforms-1166-field_0-container\" class=\"wpforms-field wpforms-field-name wpforms-one-half wpforms-first\" data-field-id=\"0\"><label class=\"wpforms-field-label wpforms-label-hide\" for=\"wpforms-1166-field_0\" aria-hidden=\"false\">Nombre <span class=\"wpforms-required-label\" aria-hidden=\"true\">*<\/span><\/label><input type=\"text\" id=\"wpforms-1166-field_0\" class=\"wpforms-field-large wpforms-field-required\" name=\"wpforms[fields][0]\" placeholder=\"Nombre\" aria-errormessage=\"wpforms-1166-field_0-error\" required><\/div><div id=\"wpforms-1166-field_1-container\" class=\"wpforms-field wpforms-field-email wpforms-one-half\" data-field-id=\"1\"><label class=\"wpforms-field-label wpforms-label-hide\" for=\"wpforms-1166-field_1\" aria-hidden=\"false\">Correo electr\u00f3nico <span class=\"wpforms-required-label\" aria-hidden=\"true\">*<\/span><\/label><input type=\"email\" id=\"wpforms-1166-field_1\" class=\"wpforms-field-large wpforms-field-required\" name=\"wpforms[fields][1]\" placeholder=\"Correo Electr\u00f3nico\" spellcheck=\"false\" aria-errormessage=\"wpforms-1166-field_1-error\" required><\/div><div id=\"wpforms-1166-field_2-container\" class=\"wpforms-field wpforms-field-textarea\" data-field-id=\"2\"><label class=\"wpforms-field-label wpforms-label-hide\" for=\"wpforms-1166-field_2\" aria-hidden=\"false\">Mensaje <span class=\"wpforms-required-label\" aria-hidden=\"true\">*<\/span><\/label><textarea id=\"wpforms-1166-field_2\" class=\"wpforms-field-medium wpforms-field-required\" name=\"wpforms[fields][2]\" aria-errormessage=\"wpforms-1166-field_2-error\" required>Mensaje<\/textarea><\/div><\/div><!-- .wpforms-field-container --><div class=\"wpforms-recaptcha-container wpforms-is-recaptcha wpforms-is-recaptcha-type-v2\" ><div class=\"g-recaptcha\" data-sitekey=\"6Le6AzMpAAAAAFuNN4Le0tY__yEK1sbgtsJvFOjS\"><\/div><input type=\"text\" name=\"g-recaptcha-hidden\" class=\"wpforms-recaptcha-hidden\" style=\"position:absolute!important;clip:rect(0,0,0,0)!important;height:1px!important;width:1px!important;border:0!important;overflow:hidden!important;padding:0!important;margin:0!important;\" data-rule-recaptcha=\"1\"><\/div><div class=\"wpforms-submit-container\" ><input type=\"hidden\" name=\"wpforms[id]\" value=\"1166\"><input type=\"hidden\" name=\"page_title\" value=\"\"><input type=\"hidden\" name=\"page_url\" value=\"https:\/\/importecnicamm.co\/index.php\/wp-json\/wp\/v2\/pages\/1196\"><input type=\"hidden\" name=\"url_referer\" value=\"\"><button type=\"submit\" name=\"wpforms[submit]\" id=\"wpforms-submit-1166\" class=\"wpforms-submit\" data-alt-text=\"Enviando...\" data-submit-text=\"Enviar\" aria-live=\"assertive\" value=\"wpforms-submit\">Enviar<\/button><img loading=\"lazy\" decoding=\"async\" src=\"https:\/\/importecnicamm.co\/wp-content\/plugins\/wpforms-lite\/assets\/images\/submit-spin.svg\" class=\"wpforms-submit-spinner\" style=\"display: none;\" width=\"26\" height=\"26\" alt=\"Cargando\"><\/div><\/form><\/div>  <!-- .wpforms-container -->[\/et_pb_code][\/et_pb_column][\/et_pb_row][\/et_pb_section]\n","protected":false},"excerpt":{"rendered":"<p>Sobre NosotrosOfrecemos equipos que cumplir\u00e1n las expectativas de su negocio, no solo en el corto; sino en el mediano y largo Plazo. Esto es evidenciado por nuestros clientes a\u00f1os atr\u00e1s, quienes llevan mucho tiempo en el mercado ofreciendo el suministro de bienes o productos elaborados con nuestros equipos; cumpliendo los m\u00e1s altos est\u00e1ndares de calidad, [&hellip;]<\/p>\n","protected":false},"author":1,"featured_media":0,"parent":0,"menu_order":0,"comment_status":"closed","ping_status":"closed","template":"","meta":{"_et_pb_use_builder":"on","_et_pb_old_content":"","_et_gb_content_width":"","footnotes":""},"class_list":["post-1196","page","type-page","status-publish","hentry"],"_links":{"self":[{"href":"https:\/\/importecnicamm.co\/index.php\/wp-json\/wp\/v2\/pages\/1196","targetHints":{"allow":["GET"]}}],"collection":[{"href":"https:\/\/importecnicamm.co\/index.php\/wp-json\/wp\/v2\/pages"}],"about":[{"href":"https:\/\/importecnicamm.co\/index.php\/wp-json\/wp\/v2\/types\/page"}],"author":[{"embeddable":true,"href":"https:\/\/importecnicamm.co\/index.php\/wp-json\/wp\/v2\/users\/1"}],"replies":[{"embeddable":true,"href":"https:\/\/importecnicamm.co\/index.php\/wp-json\/wp\/v2\/comments?post=1196"}],"version-history":[{"count":18,"href":"https:\/\/importecnicamm.co\/index.php\/wp-json\/wp\/v2\/pages\/1196\/revisions"}],"predecessor-version":[{"id":1303,"href":"https:\/\/importecnicamm.co\/index.php\/wp-json\/wp\/v2\/pages\/1196\/revisions\/1303"}],"wp:attachment":[{"href":"https:\/\/importecnicamm.co\/index.php\/wp-json\/wp\/v2\/media?parent=1196"}],"curies":[{"name":"wp","href":"https:\/\/api.w.org\/{rel}","templated":true}]}}